vided by 233.
28
What is the remainder when 2896 is divided by 76?
8
What is the remainder when 5483 is divided by 211?
208
What is the remainder when 65156 is divided by 32565?
26
Calculate the remainder when 19202 is divided by 198.
194
What is the remainder when 17520 is divided by 53?
30
What is the remainder when 11880 is divided by 1177?
110
What is the remainder when 3921 is divided by 229?
28
What is the remainder when 18893 is divided by 350?
343
What is the remainder when 120034 is divided by 23?
20
Calculate the remainder when 108320 is divided by 177.
173
What is the remainder when 40551 is divided by 1192?
23
What is the remainder when 3442 is divided by 1407?
628
What is the remainder when 155276 is divided by 68?
32
Calculate the remainder when 3433 is divided by 75.
58
Calculate the remainder when 158427 is divided by 547.
344
Calculate the remainder when 39240 is divided by 14.
12
What is the remainder when 1191511 is divided by 397170?
1
What is the remainder when 9580 is divided by 18?
4
What is the remainder when 121259 is divided by 41?
22
Calculate the remainder when 14700 is divided by 37.
11
Calculate the remainder when 85236 is divided by 44.
8
What is the remainder when 6504 is divided by 27?
24
What is the remainder when 389 is divided by 75?
14
What is the remainder when 2437 is divided by 339?
64
What is the remainder when 386 is divided by 38?
6
What is the remainder when 6300825 is divided by 324?
321
What is the remainder when 130498 is divided by 58?
56
Calculate the remainder when 36365 is divided by 409.
373
Calculate the remainder when 2828 is divided by 988.
852
What is the remainder when 20136 is divided by 5031?
12
What is the remainder when 5059 is divided by 1686?
1
What is the remainder when 145906 is divided by 772?
770
Calculate the remainder when 44979 is divided by 159.
141
What is the remainder when 22280 is divided by 766?
66
Calculate the remainder when 2279 is divided by 1062.
155
Calculate the remainder when 4621 is divided by 652.
57
What is the remainder when 1035 is divided by 360?
315
Calculate the remainder when 268051 is divided by 96.
19
Calculate the remainder when 7669 is divided by 322.
263
What is the remainder when 2549 is divided by 2284?
265
Calculate the remainder when 44502 is divided by 22241.
20
Calculate the remainder when 48759 is divided by 424.
423
Calculate the remainder when 49708 is divided by 78.
22
What is the remainder when 306 is divided by 49?
12
What is the remainder when 1382 is divided by 51?
5
Calculate the remainder when 20980 is divided by 2996.
8
What is the remainder when 1587 is divided by 50?
37
What is the remainder when 3780 is divided by 12?
0
What is the remainder when 622 is divided by 179?
85
Calculate the remainder when 14187 is divided by 25.
12
Calculate the remainder when 9924 is divided by 901.
13
Calculate the remainder when 1238 is divided by 688.
550
What is the remainder when 3132 is divided by 1507?
118
Calculate the remainder when 24885 is divided by 190.
185
What is the remainder when 1456 is divided by 369?
349
Calculate the remainder when 9413 is divided by 35.
33
Calculate the remainder when 49148 is divided by 2581.
109
Calculate the remainder when 2492 is divided by 1094.
304
What is the remainder when 602 is divided by 263?
76
Calculate the remainder when 1727 is divided by 154.
33
Calculate the remainder when 4636 is divided by 91.
86
Calculate the remainder when 4338 is divided by 96.
18
What is the remainder when 80945 is divided by 794?
751
Calculate the remainder when 14789 is divided by 3397.
1201
What is the remainder when 234093 is divided by 497?
6
What is the remainder when 56577 is divided by 345?
342
Calculate the remainder when 16495 is divided by 50.
45
What is the remainder when 23748 is divided by 7886?
90
Calculate the remainder when 236607 is divided by 5915.
7
What is the remainder when 3739 is divided by 321?
208
What is the remainder when 178719 is divided by 20?
19
What is the remainder when 1405 is divided by 170?
45
What is the remainder when 75814 is divided by 489?
19
What is the remainder when 52014 is divided by 26007?
0
Calculate the remainder when 3030 is divided by 153.
123
What is the remainder when 869 is divided by 67?
65
Calculate the remainder when 41400 is divided by 7.
2
Calculate the remainder when 19572 is divided by 27.
24
What is the remainder when 20113 is divided by 925?
688
What is the remainder when 671914 is divided by 95983?
33
Calculate the remainder when 436886 is divided by 27.
26
Calculate the remainder when 2092402 is divided by 335.
327
Calculate the remainder when 1876 is divided by 356.
96
What is the remainder when 6837 is divided by 2260?
57
What is the remainder when 9316 is divided by 135?
1
Calculate the remainder when 1072 is divided by 157.
130
Calculate the remainder when 1461 is divided by 1459.
2
Calculate the remainder when 2857 is divided by 382.
183
Calculate the remainder when 1066 is divided by 126.
58
What is the remainder when 243181 is divided by 123?
10
Calculate the remainder when 13962 is divided by 496.
74
What is the remainder when 92152 is divided by 1355?
12
Calculate the remainder when 1458 is divided by 1257.
201
What is the remainder when 122971 is divided by 107?
28
Calculate the remainder when 57397 is divided by 113.
106
Calculate the remainder when 2050 is divided by 350.
300
Calculate the remainder when 169698 is divided by 40.
18
What is the remainder when 309758 is divided by 154856?
46
What is the remainder when 10823 is divided by 88?
87
Calculate the remainder when 12486 is divided by 88.
78
What is the remainder when 2884 is divided by 72?
4
What is the remainder when 531277 is divided by 464?
461
What is the remainder when 25234 is divided by 49?
48
Calculate the remainder when 300718 is divided by 17689.
5
Calculate the remainder when 332 is divided by 56.
52
Calculate the remainder when 3736 is divided by 338.
18
What is the remainder when 61183 is divided by 30591?
1
What is the remainder when 1181 is divided by 1029?
152
What is the remainder when 54465 is divided by 1433?
11
Calculate the remainder when 9787 is divided by 1919.
192
What is the remainder when 133952 is divided by 4784?
0
Calculate the remainder when 9072 is divided by 180.
72
Calculate the remainder when 5475 is divided by 127.
14
What is the remainder when 37096 is divided by 6140?
256
What is the remainder when 9702 is divided by 110?
22
Calculate the remainder when 12728 is divided by 1941.
1082
Calculate the remainder when 83033 is divided by 154.
27
What is the remainder when 74864 is divided by 37371?
122
Calculate the remainder when 6846 is divided by 1778.
1512
What is the remainder when 55403 is divided by 159?
71
What is the remainder when 195466 is divided by 65149?
19
What is the remainder when 5235 is divided by 436?
3
Calculate the remainder when 2112 is divided by 5.
2
Calculate the remainder when 12413 is divided by 2067.
11
Calculate the remainder when 8045 is divided by 220.
125
Calculate the remainder when 184820 is divided by 408.
404
Calculate the remainder when 190234 is divided by 63339.
217
What is the remainder when 11207 is divided by 133?
35
What is the remainder when 427292 is divided by 55?
52
What is the remainder when 37859 is divided by 234?
185
Calculate the remainder when 426860 is divided by 3916.
16
What is the remainder when 61593 is divided by 2566?
9
What is the remainder when 20594 is divided by 143?
2
What is the remainder when 1488 is divided by 35?
18
Calculate the remainder when 1651317 is divided by 29.
28
What is the remainder when 1593 is divided by 222?
39
What is the remainder when 1094 is divided by 953?
141
Calculate the remainder when 4215 is divided by 1235.
510
Calculate the remainder when 27347 is divided by 172.
171
Calculate the remainder when 45494 is divided by 3788.
38
What is the remainder when 8845 is divided by 84?
25
What is the remainder when 5320 is divided by 584?
64
Calculate the remainder when 135973 is divided by 49.
47
Calculate the remainder when 2709 is divided by 22.
3
What is the remainder when 4435 is divided by 4393?
42
Calculate the remainder when 4252 is divided by 105.
52
Calculate 